{"id":448,"date":"2018-05-07T08:15:08","date_gmt":"2018-05-07T06:15:08","guid":{"rendered":"https:\/\/www.ffrum.at\/website\/wp1\/?page_id=448"},"modified":"2024-07-03T21:18:44","modified_gmt":"2024-07-03T19:18:44","slug":"impressum","status":"publish","type":"page","link":"https:\/\/www.ffrum.at\/website\/wp1\/impressum\/","title":{"rendered":"Impressum"},"content":{"rendered":"<h1 class=\"uk-article-title\">Impressum<\/h1>\n<div>\n<p><strong>Medieninhaber und Herausgeber<\/strong><\/p>\n<p>Freiwillige Feuerwehr Rum<br \/>\nKommandant: HBI Romed Stocker<br \/>\nSchulstra\u00dfe 22 A-6063 Rum<\/p>\n<p>E-Mail: <a href=\"mailto:presse.rum@feuerwehr.tirol\">presse.rum@feuerwehr.tirol<\/a><span id=\"cloak0efda67edd60c38df8e3d27f0afec33c\"><br \/>\n<\/span>Handy: +43 664 39 34 973<br \/>\nTelefon: +43 (0512) 24511280<\/p>\n<p><strong>Rechtliche Hinweise<\/strong><\/p>\n<p>Der Inhalt dieser Website ist urheberrechtlich gesch\u00fctzt. Alle Rechte, auch der \u00dcbersetzung der Webseite, des Nachdrucks und der Vervielf\u00e4ltigung des Inhalts oder Teilen daraus, sind vorbehalten. Der Inhalt dieser Seite darf in keiner Form ohne schriftliche Genehmigung der Freiwilligen Feuerwehr Rum reproduziert oder verarbeitet, vervielf\u00e4ltigt oder verbreitet werden. Obwohl die Inhalte unserer Seiten mit gr\u00f6\u00dftm\u00f6glicher Sorgfalt erstellt worden sind, \u00fcbernimmt\u00a0die Freiwillige\u00a0Feuerwehr Rum\u00a0keine Haftung f\u00fcr deren Aktualit\u00e4t, Vollst\u00e4ndigkeit und Richtigkeit.<\/p>\n<p><strong>Links \/ Verlinkung<\/strong><\/p>\n<p>Unsere Seiten beinhalten auch Links zu externen Webseiten, auf deren Inhalt wir keinen Einfluss haben. Aus diesem Grund k\u00f6nnen wir f\u00fcr diese fremden Inhalte auch keinerlei Haftung \u00fcbernehmen. F\u00fcr diese Inhalte ist der jeweilige Anbieter bzw. Betreiber verantwortlich.<\/p>\n<p>Folgende Angaben erf\u00fcllen die nach den diversen \u00d6sterreichischen Gesetzen notwendige Kennzeichnungspflicht, insbesondere wird der Information nach \u00a7 5 ECG, der Impressumspflicht nach \u00a7 24 MedienG und der Offenlegungspflicht nach \u00a7 25 MedienG nachgekommen, ungeachtet dessen, ob diese Pflichten tats\u00e4chlich von dieser Website erf\u00fcllt werden m\u00fcssten.<br \/>\nImpressum laut Mediengesetz \u00a7 24 Medieninhaber und Hersteller:<br \/>\nFreiwillige Feuerwehr Rum<br \/>\nKommandant: HBI Romed Stocker<br \/>\nSchulstra\u00dfe 22 A-6063 Rum<\/p>\n<p>E-Mail: <a href=\"mailto:presse.rum@feuerwehr.tirol\">presse.rum@feuerwehr.tirol<\/a><br \/>\nHandy: +43 664 39 34 973<br \/>\nTelefon: +43 (0512) 24511280<\/p>\n<p>Rechtliche Hinweise<\/p>\n<p>Der Inhalt dieser Website ist urheberrechtlich gesch\u00fctzt. Alle Rechte, auch der \u00dcbersetzung der Webseite, des Nachdrucks und der Vervielf\u00e4ltigung des Inhalts oder Teilen daraus, sind vorbehalten. Der Inhalt dieser Seite darf in keiner Form ohne schriftliche Genehmigung der Freiwilligen Feuerwehr Rum reproduziert oder verarbeitet, vervielf\u00e4ltigt oder verbreitet werden. Obwohl die Inhalte unserer Seiten mit gr\u00f6\u00dftm\u00f6glicher Sorgfalt erstellt worden sind, \u00fcbernimmt die Freiwillige Feuerwehr Rum keine Haftung f\u00fcr deren Aktualit\u00e4t, Vollst\u00e4ndigkeit und Richtigkeit.<\/p>\n<p>Links \/ Verlinkung<\/p>\n<p>Unsere Seiten beinhalten auch Links zu externen Webseiten, auf deren Inhalt wir keinen Einfluss haben. Aus diesem Grund k\u00f6nnen wir f\u00fcr diese fremden Inhalte auch keinerlei Haftung \u00fcbernehmen. F\u00fcr diese Inhalte ist der jeweilige Anbieter bzw. Betreiber verantwortlich.<br \/>\nGrundlegende Richtung:<br \/>\nDie Website der Freiwilligen Feuerwehr Rum dient der F\u00f6rderung der Belange des Feuerwehrwesens im Allgemeinen und der der Freiwilligen Feuerwehr Rum im Besonderen. S\u00e4mtliche Inhalte und Arbeiten werden unentgeltlich von freiwilligen Mitarbeitern erbracht. Sollten irgendwelche Links auf dieser Internetseite zu Inhalten fragw\u00fcrdigen Inhalts verweisen, so wird um eine Nachricht an presse.rum@feuerwehr.tirol gebeten um diesen Irrtum schnellstm\u00f6glich korrigieren zu k\u00f6nnen. Diese Artikel sollen prim\u00e4r die Ausbildungsarbeit und \u00d6ffentlichkeitsarbeit der Feuerwehr unterst\u00fctzen. Sollten Sie jedoch Verst\u00f6\u00dfe gegen das Urheberrechtsgesetz oder das Mediengesetz entdecken, wenden Sie sich direkt an die Redaktion.<br \/>\nInformationspflicht nach \u00a7 5 E-Commerce-Gesetz Medieninhaber:<br \/>\nFreiwillige Feuerwehr Rum, Schulstra\u00dfe 22, AT-6063 Rum<br \/>\nErreichbarkeit im Internet: https:\/\/www.ffrum.at\/website\/wp1\/<br \/>\nNotrufnummer: 122<br \/>\nUrheberrecht<br \/>\nS\u00e4mtliche Bild-, Ton- und Textdokumente auf dieser Homepage sind, sofern nicht anders angegeben, Eigentum der Freiwilligen Feuerwehr Rum. Falls nicht anders angegeben ist die nichtkommerzielle Erstellung, Vervielf\u00e4ltigung (so auch Speicherung) und Weitergabe von Kopien in elektronischer oder ausgedruckter Form zul\u00e4ssig, soweit die Inhalte nicht ver\u00e4ndert werden und die Quelle angegeben wird. Sollte die Freiwillige Feuerwehr Rum irrt\u00fcmlich gegen Urheberrechte Dritter versto\u00dfen haben, so ersuchen wir um Kontaktaufnahme unter presse.rum@feuerwehr.tirol und verpflichten uns, unberechtigt verwendetes Material umgehend zu entfernen.<\/p>\n<\/div>\n","protected":false},"excerpt":{"rendered":"<p>Impressum Medieninhaber und Herausgeber Freiwillige Feuerwehr Rum Kommandant: HBI Romed Stocker Schulstra\u00dfe 22 A-6063 Rum&#8230;<\/p>\n","protected":false},"author":3,"featured_media":0,"parent":0,"menu_order":0,"comment_status":"closed","ping_status":"closed","template":"","meta":{"footnotes":""},"class_list":["post-448","page","type-page","status-publish","hentry"],"_links":{"self":[{"href":"https:\/\/www.ffrum.at\/website\/wp1\/wp-json\/wp\/v2\/pages\/448","targetHints":{"allow":["GET"]}}],"collection":[{"href":"https:\/\/www.ffrum.at\/website\/wp1\/wp-json\/wp\/v2\/pages"}],"about":[{"href":"https:\/\/www.ffrum.at\/website\/wp1\/wp-json\/wp\/v2\/types\/page"}],"author":[{"embeddable":true,"href":"https:\/\/www.ffrum.at\/website\/wp1\/wp-json\/wp\/v2\/users\/3"}],"replies":[{"embeddable":true,"href":"https:\/\/www.ffrum.at\/website\/wp1\/wp-json\/wp\/v2\/comments?post=448"}],"version-history":[{"count":11,"href":"https:\/\/www.ffrum.at\/website\/wp1\/wp-json\/wp\/v2\/pages\/448\/revisions"}],"predecessor-version":[{"id":6269,"href":"https:\/\/www.ffrum.at\/website\/wp1\/wp-json\/wp\/v2\/pages\/448\/revisions\/6269"}],"wp:attachment":[{"href":"https:\/\/www.ffrum.at\/website\/wp1\/wp-json\/wp\/v2\/media?parent=448"}],"curies":[{"name":"wp","href":"https:\/\/api.w.org\/{rel}","templated":true}]}}